at is the thousands digit of 34798?
4
What is the tens digit of 374?
7
What is the hundreds digit of 542?
5
What is the units digit of 6758?
8
What is the units digit of 72775?
5
What is the tens digit of 77?
7
What is the thousands digit of 3116?
3
What is the units digit of 3786?
6
What is the hundreds digit of 2482?
4
What is the tens digit of 4574?
7
What is the thousands digit of 16140?
6
What is the hundreds digit of 60814?
8
What is the hundreds digit of 653?
6
What is the hundreds digit of 5431?
4
What is the units digit of 24071?
1
What is the units digit of 585?
5
What is the units digit of 228?
8
What is the hundreds digit of 696?
6
What is the units digit of 1434?
4
What is the hundreds digit of 109268?
2
What is the ten thousands digit of 16425?
1
What is the hundreds digit of 45605?
6
What is the units digit of 4622?
2
What is the hundred thousands digit of 139735?
1
What is the ten thousands digit of 72360?
7
What is the units digit of 69879?
9
What is the tens digit of 8278?
7
What is the tens digit of 6130?
3
What is the thousands digit of 74603?
4
What is the units digit of 1669?
9
What is the ten thousands digit of 38774?
3
What is the tens digit of 857?
5
What is the hundreds digit of 21331?
3
What is the units digit of 3703?
3
What is the units digit of 11147?
7
What is the units digit of 4571?
1
What is the thousands digit of 1367?
1
What is the units digit of 1058?
8
What is the hundreds digit of 657?
6
What is the tens digit of 87240?
4
What is the thousands digit of 5604?
5
What is the ten thousands digit of 71322?
7
What is the units digit of 12?
2
What is the units digit of 57263?
3
What is the thousands digit of 1949?
1
What is the thousands digit of 190878?
0
What is the units digit of 477?
7
What is the units digit of 1300?
0
What is the tens digit of 8606?
0
What is the tens digit of 16435?
3
What is the hundreds digit of 6759?
7
What is the units digit of 1308?
8
What is the tens digit of 23862?
6
What is the units digit of 1305?
5
What is the tens digit of 40714?
1
What is the ten thousands digit of 12268?
1
What is the units digit of 509?
9
What is the units digit of 11821?
1
What is the tens digit of 18470?
7
What is the units digit of 3968?
8
What is the hundreds digit of 942?
9
What is the thousands digit of 5006?
5
What is the ten thousands digit of 19404?
1
What is the units digit of 441?
1
What is the hundreds digit of 1273?
2
What is the thousands digit of 2006?
2
What is the hundreds digit of 2825?
8
What is the tens digit of 9024?
2
What is the thousands digit of 40825?
0
What is the thousands digit of 1850?
1
What is the ten thousands digit of 43465?
4
What is the hundreds digit of 27598?
5
What is the thousands digit of 66647?
6
What is the thousands digit of 13160?
3
What is the hundreds digit of 92837?
8
What is the hundreds digit of 618?
6
What is the hundreds digit of 12717?
7
What is the units digit of 91233?
3
What is the tens digit of 1314?
1
What is the hundreds digit of 14028?
0
What is the units digit of 1982?
2
What is the ten thousands digit of 26858?
2
What is the tens digit of 68667?
6
What is the units digit of 2013?
3
What is the tens digit of 74423?
2
What is the units digit of 1521?
1
What is the tens digit of 11?
1
What is the units digit of 2325?
5
What is the hundreds digit of 31387?
3
What is the tens digit of 20684?
8
What is the tens digit of 3219?
1
What is the ten thousands digit of 80761?
8
What is the ten thousands digit of 39619?
3
What is the tens digit of 6790?
9
What is the tens digit of 14356?
5
What is the hundreds digit of 6943?
9
What is the ten thousands digit of 19712?
1
What is the units digit of 539?
9
What is the hundreds digit of 20743?
7
What is the ten thousands digit of 75376?
7
What is the units digit of 20786?
6
What is the tens digit of 14468?
6
What is the tens digit of 7088?
8
What is the ten thousands digit of 45589?
4
What is the tens digit of 1183?
8
What is the hundreds digit of 6599?
5
What is the ten thousands digit of 10680?
1
What is the thousands digit of 25717?
5
What is the thousands digit of 10909?
0
What is the hundreds digit of 2929?
9
What is the tens digit of 11270?
7
What is the units digit of 1353?
3
What is the thousands digit of 131590?
1
What is the hundreds digit of 6245?
2
What is the hundreds digit of 9031?
0
What is the units digit of 325?
5
What is the tens digit of 433?
3
What is the hundreds digit of 1830?
8
What is the tens digit of 1729?
2
What is the tens digit of 1686?
8
What is the ten thousands digit of 51004?
5
What is the units digit of 1945?
5
What is the hundreds digit of 36283?
2
What is the units digit of 1127?
7
What is the tens digit of 1704?
0
What is the hundreds digit of 3412?
4
What is the tens digit of 116509?
0
What is the thousands digit of 49145?
9
What is the hundred thousands digit of 129141?
1
What is the tens digit of 34253?
5
What is the tens digit of 31688?
8
What is the hundreds digit of 1364?
3
What is the ten thousands digit of 47757?
4
What is the units digit of 11501?
1
What is the tens digit of 4223?
2
What is the thousands digit of 16259?
6
What is the ten thousands digit of 72769?
7
What is the tens digit of 2266?
6
What is the thousands digit of 2257?
2
What is the tens digit of 33171?
7
What is the units digit of 7109?
9
What is the hundreds digit of 25957?
9
What is the ten thousands digit of 15282?
1
What is the units digit of 737?
7
What is the units digit of 852?
2
What is the units digit of 290?
0
What is the ten thousands digit of 54997?
5
What is the tens digit of 13036?
3
What is the tens digit of 8749?
4
What is the thousands digit of 3025?
3
What is the tens digit of 9509?
0
What is the hundreds digit of 6860?
8
What is the thousands digit of 2140?
2
What is the hundreds digit of 23967?
9
What is the units digit of 1379?
9
What is the hundreds digit of 1596?
5
What is the units digit of 4264?
4
What is the tens digit of 29687?
8
What is the tens digit of 117030?
3
What is the tens digit of 2478?
7
What is the units digit of 1352?
2
What is the ten thousands digit of 87795?
8
What is the tens digit of 70027?
2
What is the hundreds digit of 8810?
8
What is the tens digit of 684?
8
What is the hundreds digit of 665?
6
What is the thousands digit of 8422?
8
What is the tens digit of 7204?
0
What is the tens digit of 1486?
8
What is the tens digit of 14606?
0
What is the units digit of 87472?
2
What is the units digit of 2977?
7
What is the ten thousands digit of 30976?
3
What is the thousands digit of 2556?
2
What is the units digit of 1133?
3
What is the ten thousands digit of 21844?
2
What is the units digit of 4086?
6
What is the tens digit of 36260?
6
What is the hundreds digit of 37284?
2
What is the ten thousands digit of 42107?
4
What is the tens digit of 55834?
3
What is the units digit of 897?
7
What is the hundreds digit of 194?
1
What is the tens digit of 426?
2
What is the tens digit of 2905?
0
What is the tens digit of 793?
9
What is the tens digit of 10612?
1
What is the thousands digit of 5030?
5
What is the tens digit of 2102?
0
What is the hundreds digit of 9715?
7
What is the units digit of 64087?
7
What is the ten thousands digit of 43289?
4
What is the ten thousands digit of 12746?
1
What is the units digit of 4406?
6
What is the thousands digit of 5764?
5
What is the thousands digit of 5114?
5
What is the hundreds digit of 29387?
3
What is the hundreds digit of 33711?
7
What is the tens digit of 4824?
2
What is the tens digit of 5015?
1
What is the thousands digit of 5505?
5
What is the hundreds digit of 1007?
0
What is the thousands digit of 2880?
2
What is the hundreds digit of 8477?
4
What is the units digit of 707?
7
What is the tens digit of 5255?
5
What is the ten thousands digit of 30934?
3
What is the tens digit of 567?
6
What is the ten thousands digit of 77535?
7
What is the units digit of 4039?
9
What is the hundreds digit of 461?
4
What is the tens digit of 8240?
4
What is the tens digit of 1354?
5
What is the ten thousands digit of 31238?
3
What is the units digit of 12174?
4
What is the thousands digit of 2412?
2
What is the hundreds digit of 5557?
5
What is the tens digit of 22013?
1
What is the ten thousands digit of 150337?
5
What is the